atest common factor of c and 270?
30
Let z = 81 - 63. Calculate the greatest common factor of z and 6.
6
Let v = 397 + -277. Calculate the highest common factor of v and 48.
24
Let b(g) = -g**3 + 8*g**2 + 3*g - 6. Let w be b(7). Let s = -26 + w. What is the greatest common factor of s and 95?
19
Let s(k) = 4*k + 7. Let j(z) = -4*z - 6. Let b(i) = -6*j(i) - 5*s(i). Let p be b(4). What is the greatest common factor of p and 51?
17
Let v be 35*(-1)/((-2)/8). Let j = 52 + -24. Calculate the greatest common divisor of j and v.
28
Suppose 0 = -g - 5*r - 38, -2*r + 6*r = -5*g - 190. Let q be (2 + g)/((-2)/4). Calculate the greatest common divisor of q and 12.
12
Let c(j) = -j + 5. Let f = -9 - -14. Let x be c(f). Let g be ((-165)/6 + x)*-4. What is the highest common factor of 10 and g?
10
Suppose 5*w - 41 = 4*o + 38, 0 = 3*w + 5*o - 40. Calculate the greatest common divisor of 75 and w.
15
Suppose 48 + 7 = 5*d. Let y be (-24)/(-10)*(392/12 + 4). Calculate the greatest common factor of d and y.
11
Suppose -2*y = -0*y + 24. Let v = y - -24. Calculate the highest common divisor of v and 12.
12
Let v = 48 - 18. What is the greatest common divisor of 12 and v?
6
Let o be 24/2*6/8. Suppose 0 = -x + 2, 0 = 2*c + x - o - 7. Let v(m) = 3*m. Let q be v(7). What is the greatest common factor of c and q?
7
Let q(u) = 17*u + 6. Let c be q(5). Suppose -5*v - 21 = -c. What is the highest common factor of 112 and v?
14
Let c(w) = 26*w + 51. Let l(k) = -5*k - 10. Let u(p) = 2*c(p) + 11*l(p). Let b be u(-6). Calculate the greatest common factor of b and 15.
5
Let w(s) = s**3 + 8*s**2 + 7*s + 6. Let y be w(-7). Let l(f) = -f + 14. Let h be l(5). What is the highest common divisor of h and y?
3
Let g = -77 - -111. Calculate the highest common factor of 34 and g.
34
Suppose -z + 3*z - 5*i - 23 = 0, 0 = 4*z - i - 19. Suppose 8 + 12 = z*x. Calculate the highest common divisor of x and 35.
5
Let l(z) = 6*z - 3. Let t = -28 - -18. Let y = t + 14. Let p be l(y). What is the greatest common factor of p and 42?
21
Let m be 187 + (4 - 3) + -1. Suppose 0 = 2*a - 10, 0 = 4*b + a - 32 - 41. Calculate the greatest common factor of m and b.
17
Let m be ((-18)/4)/(2/(-44)). Calculate the highest common divisor of m and 11.
11
Let t = -65 - -75. Calculate the greatest common factor of 5 and t.
5
Let o = -173 + 221. What is the greatest common factor of 24 and o?
24
Suppose -4*r - r + 25 = -5*b, -4*b + 20 = 0. Calculate the greatest common divisor of r and 190.
10
Suppose -k + 2*k = 5. Suppose -98 - 12 = -k*d. What is the greatest common divisor of 110 and d?
22
Let i be 7704/52 - (-4)/(-26). Suppose 7*b + 4*s = 3*b + i, 3*b + 4*s - 112 = 0. What is the greatest common divisor of b and 54?
18
Suppose 5*a = 3*a + 4. Suppose 88 = 2*p - 3*w, 0 = -a*p - p + 4*w + 134. Suppose 3*h = -2*h + p. Calculate the greatest common factor of h and 80.
10
Let d(n) = n**3 - 7*n**2 + 6*n + 5. Let x be d(6). Let l = 7 - x. Let m be 11 - 0/(-3) - l. What is the highest common divisor of m and 99?
9
Suppose -5*k - 300 = -8*k. Calculate the greatest common factor of k and 75.
25
Let g = 7 + 5. Calculate the greatest common factor of g and 48.
12
Let a = 18 - -8. Suppose -4*d = -22 - a. What is the greatest common divisor of 48 and d?
12
Suppose 34*q - 20 = 30*q. What is the highest common factor of 25 and q?
5
Suppose -16 = -5*s + 2*u - 3*u, 2*u = 2*s - 16. Let z(k) = k**3 - 2*k**2 + k - 4. Let q be z(s). What is the greatest common divisor of q and 8?
8
Let m(a) = -2 + 2*a - 2*a - 5*a. Let w(c) = 10*c + 3. Let u(f) = 11*m(f) + 6*w(f). Let o be u(5). What is the greatest common factor of o and 21?
21
Let z(v) = 2*v**2 - 6*v - 1. Let l be z(6). Suppose -l = -5*r - 5*y, -3 + 1 = -y. What is the greatest common divisor of 15 and r?
5
Let m(p) = p**2 + 7*p - 4. Let t(o) = o - 2. Let b be t(-6). Let k be m(b). Let j be (k/3)/(2/6). Calculate the greatest common factor of j and 12.
4
Let l be -2 - (-1)/((-1)/(-4)). Suppose 4 = l*g - 0. Calculate the highest common divisor of g and 12.
2
Suppose 0 = -10*y + 65 + 385. Calculate the highest common divisor of y and 225.
45
Suppose -v = -0*v + 5. Let f be 5/(-2)*((-6)/(-2) + -5). Let g be 41/f - (-1)/v. Calculate the greatest common divisor of g and 32.
8
Suppose 0 = 5*i + 8*s - 9*s - 170, -180 = -5*i - s. Calculate the highest common divisor of 140 and i.
35
Suppose 3*a = 2*b + 949, 1538 + 45 = 5*a - 3*b. Calculate the highest common divisor of 29 and a.
29
Let o(l) = -6 - 7*l**2 - 11*l**3 - 6*l**2 + 15*l - 7*l**3 + 19*l**3. Let c be o(12). What is the highest common factor of c and 6?
6
Suppose 5*t + k = 104, t - 4*k = 3 + 1. Suppose -41*l = -36*l - 300. What is the greatest common divisor of t and l?
20
Suppose -3*o + 272 = o. Let u = -48 + o. Let w = 19 - -31. Calculate the greatest common divisor of u and w.
10
Suppose 0 = -6*l + l + 3*p - 18, -2*p = 5*l + 13. Let y be (l/4)/((-4)/16). Calculate the greatest common factor of 24 and y.
3
Let m = 206 - 90. Calculate the highest common divisor of m and 29.
29
Let j(n) = -n**3 + 12*n**2 - 14*n + 3. Let s be j(10). What is the greatest common divisor of 9 and s?
9
Suppose -4*b + 4*m - 31 = -7*b, 3*b - 3*m - 45 = 0. Let x = b - 1. Calculate the highest common divisor of x and 48.
12
Suppose -42 = -6*w + 4*w. What is the highest common divisor of w and 7?
7
Suppose 0*d - 4*f = -4*d + 20, 4*d - 48 = -3*f. Let y be 10/(-45) + 443/d. What is the highest common factor of y and 7?
7
Let t(z) be the first derivative of -25*z**2/2 - z - 1. Let a be t(-2). Let h = -8 - -15. What is the highest common divisor of a and h?
7
Let n = 3 + 18. Suppose -20 = 5*r - 90. What is the greatest common factor of r and n?
7
Let g(w) = -w**3 - 7*w**2 - 7*w - 8. Let b be g(-8). What is the greatest common factor of 14 and b?
14
Let g(f) be the third derivative of -f**6/120 + f**5/6 - f**4/4 - 5*f**3/3 + 3*f**2. Let x be g(9). Calculate the highest common factor of x and 17.
17
Suppose -2*k = -3*k - 8. Let m(x) = 18*x - 21. Let b be m(2). Let n = b + k. What is the greatest common divisor of n and 56?
7
Suppose -5*l - 4*b + 0 = 5, 0 = 2*l - 4*b - 26. Suppose -l*y + y = -6. Let o be 1*((2 - -27) + -2). What is the highest common divisor of y and o?
3
Suppose -n + 1 = -2. Let v(o) be the third derivative of o**5/30 + o**3/2 + o**2. Let j be v(3). Calculate the greatest common factor of j and n.
3
Let a = 49 + -46. Calculate the highest common factor of a and 12.
3
Let d be 122/6 + (-12)/(-18). Calculate the highest common factor of 14 and d.
7
Suppose -4 = 5*i - 19. Let m(q) = -1 + 1 + q - q**2 + q**i + 6 - 9*q. Let c be m(5). Calculate the highest common divisor of c and 6.
6
Let l = 3 + 2. Suppose -l*h = 2*v - 72, 5*h - v + 6*v - 75 = 0. What is the highest common divisor of h and 112?
14
Let d = 41 - 35. Suppose 3*w - 13 = -4. Suppose -w*o + 8*o = 60. What is the greatest common divisor of o and d?
6
Let u be ((-4)/6)/(2/(-9)). Let x(m) = -8*m - 1. Suppose 0*v - 4*v = 8. Let b be x(v). What is the greatest common factor of u and b?
3
Suppose 2*w + 210 = 9*w. Calculate the highest common divisor of 6 and w.
6
Suppose 140 = 4*b - 4*a, -3*a + 85 = 4*b - 55. What is the highest common factor of b and 7?
7
Let f(p) = 4*p**2 - 2*p + 1. Let x be f(1). Suppose 0 = u + 17 - 38. What is the greatest common divisor of u and x?
3
Suppose 0 = h - 141 - 43. Let j be (23 - (-4)/2) + -2. What is the greatest common factor of j and h?
23
Let u(o) be the first derivative of -2 + 3*o + 1/2*o**2. Let h be u(0). Calculate the highest common factor of 9 and h.
3
Let h(i) be the third derivative of -i**5/60 - 5*i**4/12 + i**3/3 + 4*i**2. Let d be h(-8). Let p = d - 3. Calculate the greatest common divisor of p and 5.
5
Let j be ((-6)/72*4)/((-1)/318). Calculate the highest common factor of j and 53.
53
Let m(h) = 2*h + 3 + 3*h + 3*h + 2*h**2. Let x be m(-7). Let r be 1*-10*(-1)/2. Calculate the highest common divisor of r and x.
5
Suppose 0*b + 81 = 3*b - 3*s, 5*s = 3*b - 71. What is the highest common divisor of 24 and b?
8
Let b = 67 - 60. Suppose 0*l + 3 = l. Suppose -l*o = -2*a + 111, 3*o - 156 = -3*a + 48. Calculate the highest common factor of a and b.
7
Let m(v) = -2*v**2 + 35*v - 21. Let a be m(14). Calculate the greatest common divisor of 11 and a.
11
L